hat is the highest common divisor of 11 and p?
11
Let n be (-20 + 0)*(-9 - -4). Suppose -5*m + 10 = 0, 2*w - 5*m + n = 5*w. What is the highest common factor of w and 6?
6
Suppose 3*s = v + 55, -18*s - 110 = -23*s - 2*v. Suppose -5*c + 1100 = -0*c. What is the greatest common factor of c and s?
20
Let m = 63 - 51. Let a(t) = t**3 - 4*t**2 + 4*t - 4. Let g be a(4). Calculate the greatest common factor of m and g.
12
Suppose 4*j + 3*r - 71 = 0, 4*j + 3*r = 5*r + 46. Let n = 260 + -106. Calculate the greatest common divisor of j and n.
14
Suppose n - 3*c = 176, -6 = -3*c + 3. Let q = n + -86. What is the greatest common factor of q and 9?
9
Let c = 0 - -4. Suppose 5*z = h + c*z - 35, 3*z = 3. Calculate the highest common factor of 12 and h.
12
Let m be ((-5)/3)/(1/(-18)). Let p(s) = s**2 - 4*s - 2. Let o be p(5). Let z be (-10)/(-6)*(o - -3). Calculate the greatest common factor of z and m.
10
Let r be 2 - (-3 + 0)*2. What is the highest common factor of 12 and r?
4
Let n be 1/(18/15 - 1). Suppose -2326 = 4*m + n*s, 2926 = -5*m + 2*s + s. Let c = -334 - m. What is the highest common factor of c and 25?
25
Let q = 1 + 89. Let c(i) = -5*i - i + 1 - 2 - 1. Let d be c(-2). Calculate the highest common factor of d and q.
10
Suppose -5*p = -a + 65, 5*p + 205 + 40 = 5*a. Calculate the highest common divisor of 30 and a.
15
Suppose 0 = a + 3*a. Let k = 1 + a. Calculate the greatest common factor of k and 8.
1
Suppose -4 = -2*c + a + 12, c + 6 = -3*a. Suppose 78 = 5*m - 3*v - 0*v, -10 = -m - 5*v. Calculate the highest common divisor of m and c.
3
Let o(h) = h**3 + 5*h**2 + h - 4. Let b be o(-4). Let i(u) = u - 2. Let d be i(6). What is the highest common factor of d and b?
4
Suppose 3*w + 67 = -14. Let x be (-3 - w/6)*24. What is the highest common factor of 18 and x?
18
Suppose -4*b + 2*g - 30 = 16, -34 = b + 4*g. Let s be (-194)/(-10) - b/(-35). Calculate the greatest common factor of 209 and s.
19
Let m = 45 - 29. Calculate the greatest common divisor of 24 and m.
8
Let v(f) = 2*f + 1. Let h be v(6). Calculate the highest common divisor of 260 and h.
13
Let r be (26/22 - 1) + (-900)/(-132). Calculate the greatest common factor of 21 and r.
7
Let k(x) = x**3 - 2*x**2 + 3*x - 3. Let c be k(2). Let h be (-18)/(-4)*(-2)/(-3). What is the highest common divisor of h and c?
3
Suppose -2*l + 2*m = -3*l + 30, -m = -3*l + 69. Calculate the highest common factor of l and 24.
24
Let i = -14 + 23. Suppose -2*p + 28 = 5*v - 4*p, 0 = 3*v - 2*p - 16. What is the highest common factor of v and i?
3
Let y be 40*-1*(-2)/4. Let w = 436 - 258. Let r be w/6 - 2/(-6). What is the greatest common factor of y and r?
10
Let l(i) = -i**3 - 5*i**2 - 5*i - 7. Suppose -5*x = -2*x + 15. Let c be l(x). What is the greatest common divisor of 12 and c?
6
Let n = -3 + 3. Suppose d = n, -4*j + 3*d + d = -120. What is the highest common divisor of j and 270?
30
Let g = 14 - -9. Let m = g - 16. Let b be (-141)/(-4) + (-9)/36. Calculate the greatest common divisor of b and m.
7
Suppose m - 124 = 2*p - 3*m, -5*p - 2*m = 370. Let t be 64*3 + (0 - -1). Let b = p + t. What is the greatest common divisor of 11 and b?
11
Let a be 0 - (0 - -11)/(-1). Suppose -24 = -2*f + 5*v - 3*v, 2*f - 5*v - 27 = 0. Calculate the highest common divisor of f and a.
11
Suppose 4*o - 3 = 9. Suppose o*d = 29 + 31. Let q = 33 - d. What is the highest common divisor of 143 and q?
13
Let j be 6 + 1*(-1 + 0). Let p be 9/(-6)*300/(-18). Calculate the greatest common divisor of p and j.
5
Let c be (-27)/(4/(-2)*1 - -1). Calculate the greatest common divisor of 189 and c.
27
Let d be 1 + 2 - 15/(-5). What is the greatest common factor of d and 24?
6
Suppose 5*m + 36 = i, 3*i = i - 3*m + 7. Calculate the highest common factor of 22 and i.
11
Suppose -22 = -f - 2*m, -2*f + 4*m = -f + 8. Let z be f/9 + (-2)/(-3). What is the greatest common factor of z and 3?
1
Suppose 0*u = -u + 27. Suppose 4*o = 3*j - u + 7, -18 = -4*j + o. Suppose -j*r + 12 + 12 = 0. What is the highest common divisor of r and 6?
6
Let k be (3/6)/(1/(-2)). Let p be (k - (0 - 1)) + 80. What is the greatest common divisor of 10 and p?
10
Suppose o - 16 = -13. Calculate the greatest common divisor of 27 and o.
3
Let s be 666/15 + 2/(-5). Let w(c) = c + 1. Let i be w(4). Let p be (i/(-2))/((-2)/s). What is the highest common factor of 11 and p?
11
Suppose 5*v = 4*s - 37, 2*v + v + 15 = 0. Let b be (13 - (s - 3))/1. Calculate the greatest common factor of b and 39.
13
Let k(i) be the first derivative of -i**2 + 6*i + 1. Let j = 0 + -7. Let t be k(j). What is the highest common factor of t and 8?
4
Let l be (-4)/26 - (-1 + 424/(-52)). What is the highest common factor of l and 1?
1
Let m(q) = q**2 + 8*q + 5. Let b be m(-6). Let j = b - -17. What is the highest common divisor of 110 and j?
10
Let y(x) = 180*x - 4. Let k be y(5). Let p be k/18 + (-10)/(-45). Let v(g) = -3*g - 11. Let n be v(-7). What is the highest common factor of n and p?
10
Suppose 54 = 4*s - 26. Suppose -4*o - 5*g + 12 = 0, -2*o + 7*o - 28 = -3*g. Calculate the highest common factor of s and o.
4
Let k be 2/3*(-21)/(-2). Let g be (-305)/(-5) + -2 + 4. Calculate the highest common divisor of k and g.
7
Let z = 31 + -23. Let w(a) be the third derivative of a**5/20 + a**4/12 - 2*a**2. Let q be w(4). What is the greatest common divisor of z and q?
8
Suppose -v - 5*p + 271 = -6, 1168 = 4*v + 5*p. Calculate the greatest common divisor of 33 and v.
33
Let z(u) = 15*u**2 + u - 2. Let y be (-24)/(-10) - 2/5. Let j be z(y). Calculate the greatest common divisor of 24 and j.
12
Let s be ((-6)/(-4))/3*240. Let b be (-6)/21 - s/(-28). What is the highest common factor of 4 and b?
4
Let u be (-4 + -1)*1 + 2. Let h = u + 5. What is the greatest common divisor of h and 22?
2
Let h be ((-2)/(-4))/(8/672). What is the greatest common factor of h and 14?
14
Let w be 5 - 6 - (0 - -2). Let m(k) = -42*k. Let s be m(w). What is the greatest common factor of 14 and s?
14
Let i(n) = 54*n - 8. Let a be i(3). Let j = 0 - -30. Let o = -16 + j. Calculate the highest common factor of o and a.
14
Suppose 2*a + 0*a = 5*l - 72, -4*l + 4*a + 60 = 0. What is the highest common factor of 21 and l?
7
Let u = 25 + -13. What is the highest common factor of 6 and u?
6
Let q = -7 + 18. Calculate the highest common factor of q and 121.
11
Let f(i) = i**3 + 7*i**2 + 2*i - 9. Let v be f(-4). Calculate the greatest common divisor of 93 and v.
31
Let d be 4/(-10) - (-134)/10. Let w(m) = -21*m + 349. Let s be w(16). What is the greatest common factor of d and s?
13
Let c = -9 - -14. Suppose -2*b + 252 = -c*i, b = 2*i + 79 + 46. What is the greatest common divisor of b and 11?
11
Let r(a) = -a**2 + 14. Let h be r(0). Calculate the highest common divisor of h and 112.
14
Let j = -2 - -5. Suppose -j*l + 4*h + 40 = 0, 4*h - h - 9 = -l. What is the greatest common divisor of 96 and l?
12
Suppose -10 = m - 24. Calculate the greatest common divisor of m and 2.
2
Let q(l) = -l**3 + 6*l**2 - l + 8. Let f be q(6). Let m = 169 + -155. Calculate the highest common divisor of f and m.
2
Suppose 5*s = s - 704. Let p be s/10*10/(-2). What is the highest common factor of p and 8?
8
Let g(x) = 2*x**2 - 9*x + 9. Let a be g(5). What is the greatest common factor of 14 and a?
14
Let h be ((-600)/(-36))/((-4)/(-6)). What is the highest common divisor of h and 275?
25
Suppose -3*j + 3*v = 0, 3*v + 35 = -0*j - 4*j. Let p be 414/15 + (-2)/j. What is the greatest common divisor of 4 and p?
4
Suppose -1155 = -8*b + 1837. What is the greatest common divisor of b and 34?
34
Suppose -z + 20 = 4*z. Let c be (-1904)/(-24)*6/z. Calculate the greatest common factor of c and 17.
17
Let l be (0 - 0)/(2 + 1). Suppose l = -19*r + 17*r + 88. Calculate the highest common divisor of 4 and r.
4
Let h(m) = -5*m + 3. Let s be h(7). Suppose -3*w = 2*y + 9, 3*w + 13 = -w - 3*y. Let p be w + (s/(-2) - 2). Calculate the greatest common divisor of 104 and p.
13
Let n = -120 + 130. Suppose 4*k - 5*s = 30, -3*s - 4 = 2. What is the highest common divisor of k and n?
5
Let k(g) = g + 7. Let w be k(6). Suppose 15 = b + b + 3*d, 2*b + d = w. Let m be ((-36)/8)/(1/(-2)). What is the greatest common divisor of m and b?
3
Suppose 21 = 5*u - 59. Let v = 47 - 28. Suppose l = v + 5. Calculat